f 296721852?
2, 3, 7, 29, 17401
List the prime factors of 38652509.
7, 17, 324811
List the prime factors of 2228126141.
43, 51816887
List the prime factors of 1901115599.
103, 18457433
List the prime factors of 1274939923.
4231, 301333
List the prime factors of 63066501.
3, 7007389
List the prime factors of 139185575.
5, 101, 199, 277
What are the prime factors of 411018433?
7, 58716919
What are the prime factors of 5416311645?
3, 5, 107, 124987
What are the prime factors of 47987676?
2, 3, 11, 121181
List the prime factors of 36648553.
36648553
List the prime factors of 163870312.
2, 20483789
What are the prime factors of 488819628?
2, 3, 11, 1234393
What are the prime factors of 5079549?
3, 17, 137, 727
What are the prime factors of 157376023?
7, 22482289
List the prime factors of 1431088494.
2, 3, 11, 89, 243631
What are the prime factors of 461084730?
2, 3, 5, 15369491
What are the prime factors of 1686264?
2, 3, 17, 4133
What are the prime factors of 31785894?
2, 3, 7, 347, 727
What are the prime factors of 2280856543?
7, 2141, 152189
List the prime factors of 125229286.
2, 7, 13, 688073
What are the prime factors of 185093039?
185093039
List the prime factors of 3919909.
7, 19, 29473
List the prime factors of 1825385282.
2, 7, 883, 147661
List the prime factors of 40821969.
3, 13607323
List the prime factors of 46313061.
3, 15437687
List the prime factors of 376751530.
2, 5, 47, 401, 1999
What are the prime factors of 1377543275?
5, 55101731
List the prime factors of 306363167.
11, 61, 41507
List the prime factors of 65947806.
2, 3, 3663767
What are the prime factors of 26244312?
2, 3, 139, 7867
List the prime factors of 379029229.
17, 571, 39047
What are the prime factors of 496873459?
277, 1793767
What are the prime factors of 54204978?
2, 3, 9034163
What are the prime factors of 546138697?
13, 5701, 7369
What are the prime factors of 1467825351?
3, 491, 996487
List the prime factors of 33825351.
3, 7, 79, 20389
List the prime factors of 36668889.
3, 313, 4339
What are the prime factors of 615792333?
3, 13, 1201, 13147
What are the prime factors of 851741789?
851741789
List the prime factors of 125661473.
7, 101, 177739
List the prime factors of 342809419.
19, 1319, 13679
What are the prime factors of 45872555?
5, 19, 67, 7207
List the prime factors of 24418628.
2, 13, 469589
What are the prime factors of 664698794?
2, 332349397
What are the prime factors of 107091632?
2, 6693227
List the prime factors of 28708309.
7, 4101187
List the prime factors of 66169384.
2, 61, 135593
List the prime factors of 12188213.
12188213
List the prime factors of 87508678.
2, 41, 1067179
List the prime factors of 1614183483.
3, 11, 48914651
What are the prime factors of 36595462?
2, 18297731
What are the prime factors of 865487328?
2, 3, 47, 433, 443
List the prime factors of 53454255.
3, 5, 409, 8713
List the prime factors of 83684892.
2, 3, 19, 59, 6221
List the prime factors of 256548827.
2593, 98939
What are the prime factors of 642316782?
2, 3, 751, 142547
What are the prime factors of 30442675?
5, 37, 32911
What are the prime factors of 96895874?
2, 41, 433, 2729
What are the prime factors of 244661189?
23, 1279, 8317
What are the prime factors of 47775783?
3, 11, 41, 35311
What are the prime factors of 52435896?
2, 3, 19, 59, 1949
List the prime factors of 125302224.
2, 3, 2610463
List the prime factors of 186864901.
17, 10992053
List the prime factors of 10769838.
2, 3, 1794973
What are the prime factors of 62832093?
3, 1607, 13033
What are the prime factors of 1101997618?
2, 103, 5349503
What are the prime factors of 5788291409?
2591, 2233999
List the prime factors of 115803835.
5, 7, 449, 7369
What are the prime factors of 145185784?
2, 59, 67, 4591
List the prime factors of 510965286.
2, 3, 13, 23, 284819
List the prime factors of 93726560.
2, 5, 585791
List the prime factors of 1906095067.
19, 100320793
What are the prime factors of 1007934922?
2, 3617, 139333
List the prime factors of 104310342.
2, 3, 19, 33889
What are the prime factors of 287033174?
2, 797, 180071
What are the prime factors of 15090000?
2, 3, 5, 503
List the prime factors of 43158235.
5, 23, 29, 12941
What are the prime factors of 56237387?
883, 63689
What are the prime factors of 32106538?
2, 29, 553561
What are the prime factors of 1328977208?
2, 13, 12778627
What are the prime factors of 33717633?
3, 29, 43, 9013
List the prime factors of 5166684215.
5, 7, 11, 1917137
What are the prime factors of 43931815?
5, 8786363
List the prime factors of 5328820086.
2, 3, 317, 2801693
What are the prime factors of 446173833?
3, 7, 113, 188021
List the prime factors of 1839708863.
1559, 1180057
List the prime factors of 224256894.
2, 3, 17, 2198597
List the prime factors of 6468062254.
2, 23, 179, 487, 1613
What are the prime factors of 342014627?
653, 523759
List the prime factors of 153245883.
3, 7, 148927
List the prime factors of 513050976.
2, 3, 163, 3643
List the prime factors of 653316393.
3, 113, 1927187
What are the prime factors of 11997504?
2, 3, 53, 131
List the prime factors of 77689285.
5, 23, 675559
What are the prime factors of 30104095?
5, 7, 860117
List the prime factors of 2429262103.
2429262103
List the prime factors of 63922005.
3, 5, 7, 307, 661
What are the prime factors of 806216457?
3, 268738819
List the prime factors of 5807050147.
22697, 255851
List the prime factors of 4062936753.
3, 5711, 8783
List the prime factors of 599446632.
2, 3, 24976943
List the prime factors of 1199107394.
2, 911, 658127
List the prime factors of 3065320309.
3065320309
What are the prime factors of 5472771?
3, 31, 83, 709
What are the prime factors of 206779497?
3, 68926499
List the prime factors of 1339197097.
7, 1789, 15277
List the prime factors of 4001092310.
2, 5, 37, 233, 46411
What are the prime factors of 489805598?
2, 17, 19, 41, 18493
List the prime factors of 623165761.
43, 1289, 11243
What are the prime factors of 11784023?
1667, 7069
What are the prime factors of 1516019300?
2, 5, 113, 134161
What are the prime factors of 4528413637?
11, 411673967
What are the prime factors of 21061627?
29, 389, 1867
List the prime factors of 640801874.
2, 41, 1847, 4231
What are the prime factors of 5383651871?
13, 67, 6181001
List the prime factors of 6177522.
2, 3, 13, 29, 2731
What are the prime factors of 94095921?
3, 23, 37, 36857
What are the prime factors of 4589362182?
2, 3, 19, 5347, 7529
What are the prime factors of 1357380951?
3, 1427, 317071
What are the prime factors of 2414024191?
17, 142001423
List the prime factors of 156072294.
2, 3, 7, 1103, 1123
List the prime factors of 420517471.
11, 193, 1637
List the prime factors of 799100012.
2, 59, 3386017
What are the prime factors of 739931556?
2, 3, 7, 13, 96799
What are the prime factors of 4275095?
5, 11, 19, 4091
What are the prime factors of 90930796?
2, 11, 2066609
List the prime factors of 386756902.
2, 7, 17, 269, 863
What are the prime factors of 54286773?
3, 18095591
What are the prime factors of 60445193?
29, 41, 1753
What are the prime factors of 103264104?
2, 3, 71, 60601
List the prime factors of 57883268.
2, 14470817
List the prime factors of 766729425.
3, 5, 7, 11, 103, 1289
What are the prime factors of 222005050?
2, 5, 1933, 2297
What are the prime factors of 1309475792?
2, 2347, 34871
What are the prime factors of 1086906700?
2, 5, 11, 43, 2089
What are the prime factors of 12900898?
2, 31, 251, 829
What are the prime factors of 559996406?
2, 37, 1657, 4567
List the prime factors of 2301765855.
3, 5, 153451057
List the prime factors of 494635572.
2, 3, 1526653
What are the prime factors of 746250673?
7, 157, 769, 883
What are the prime factors of 22705577?
23, 987199
What are the prime factors of 3902670901?
1033, 3777997
List the prime factors of 1259320985.
5, 13, 17, 107, 10651
List the prime factors of 40519861.
487, 83203
What are the prime factors of 13391520?
2, 3, 5, 23, 1213
List the prime factors of 5440744058.
2, 71, 5711, 6709
What are the prime factors of 121726720?
2, 5, 61, 1559
What are the prime factors of 1063635153?
3, 7, 50649293
List the prime factors of 1089154498.
2, 107, 179, 28433
What are the prime factors of 4381475739?
3, 17, 85911289
What are the prime factors of 204